
-1
Calculate 3 - (3 + 1 + (-7 - -4)).
2
(3 - -2) + -2 + -6
-3
Calculate 0 + 1 - (8 - (8 - 6)).
-5
What is -2 - -7 - (-6 + 14 + -11)?
8
What is -5 - 0 - (2 + -5 - -2)?
-4
(-3 + -2 - 1) + 12 - -2
8
-6 + 1 + 12 + -3
4
Calculate 8 - 1 - (-4 - -17).
-6
Evaluate 2 + 7 + -69 + 53.
-7
What is the value of -4 - (-9 + -2 + 5 + 2)?
0
What is the value of -70 + 61 - (1 + -3)?
-7
Evaluate 8 + -6 + (-3 - 7).
-8
1 + -8 - -11 - (1 - -1)
2
Calculate (-1 - -7) + -15 - -11.
2
1 - 0 - (4 - (8 + -5))
0
Evaluate 6 - 9 - 0 - (5 + -3).
-5
-1 + -2 + 0 + 4 - -4
5
11 + (-6 - (-1 + 3))
3
What is the value of (4 - (2 - 3)) + (0 - 1)?
4
What is the value of 4 + -1 + 3 - 11?
-5
What is the value of -18 + (11 + -16 - -16)?
-7
Evaluate 55 + -60 + (0 - (-7 - 1)).
3
Evaluate 3 - (-1 - (4 - (9 + -3))).
2
Calculate -1 - (2 - 4 - -3).
-2
Calculate 0 + -11 + 5 + 11.
5
-3 + (2 - 0 - -1) - -2
2
(-7 - (-1 - 5)) + 6 + -9
-4
Calculate 14 - (43 - 26) - (0 + 2).
-5
What is the value of (-2 - 2) + (0 - 0) + 3?
-1
Evaluate -8 + 18 - (4 + 1).
5
What is the value of -11 + 1 + (16 - 9)?
-3
Evaluate 4 + (4 - 3) + -2.
3
Evaluate 2 + -8 - (-2 + -2 + 1).
-3
What is the value of (-2 - 2) + 9 + 0 + -1?
4
What is -3 - (-8 - (2 + -5))?
2
1 + -2 + 3 - -3
5
Evaluate 8 + -6 + -9 + 10.
3
(13 - 7) + -14 + 4
-4
What is (1 - (1 - -2)) + (-21 - -19)?
-4
Evaluate -1 + (-1 - -4) + (-2 - -6).
6
(-10 - (-1 - 2)) + 13 - 5
1
What is the value of -3 + (4 - 2 - -5)?
4
Evaluate 24 - 20 - (4 - 0).
0
-5 + (4 - ((1 - -5) + -11))
4
Evaluate (0 - 7) + 55 + -43.
5
What is the value of 3 + -5 - ((17 - 13) + -2)?
-4
What is 0 + 2 + 0 + (26 - 26)?
2
Evaluate -10 + (-7 - 1) + 21.
3
What is the value of (7 - -9) + -5 + 3 + -9?
5
Calculate -4 + (6 + 1 + -2 - 1).
0
What is the value of (11 - 7) + (-1 - -3) - 8?
-2
What is the value of -2 + -6 + 17 + -5?
4
(210 - 213) + 3 + (0 - 1)
-1
What is 3 + (-5 - (-9 + (-2 - -5)))?
4
Evaluate 1 - (0 - 5) - (2 + 1).
3
1 - 1 - (-2 - 0 - 1)
3
Calculate 2 + -7 + (1 - -4).
0
What is (6 - 5) + 1 + 0 + 0?
2
2 + 2 + 0 + (-3 - 1)
0
What is 1 - (5 - (-1 + 2)) - 3?
-6
2 - ((7 - 10) + 2) - 2
1
What is the value of (0 - 6) + (2 - 1)?
-5
What is the value of 0 + -3 + 1 + -1?
-3
Calculate (5 + -7 - -5) + -2 + -1.
0
Calculate -116 + 114 + (-4 + 2 - -9).
5
What is the value of 9 + (4 - 6) - 2?
5
(6 - (1 - -3)) + 3
5
What is -2 - 0 - (-19 + 20)?
-3
Calculate 5 + (-1 - 2) - (6 + -8).
4
What is 1 + -3 - 0 - (17 - 16)?
-3
Evaluate -1 + (11 - 7 - -2).
5
5 - (5 - (0 + 0))
0
What is the value of 12 + (-9 - -4) - (-1 + 4)?
4
Calculate 0 + 0 + -3 + -1.
-4
Evaluate -7 + 2 - (-3 + 0 + -2).
0
What is 0 - -5 - ((-14 - -25) + -14)?
8
What is (-3 - (-1 - -6)) + (-2 - -7)?
-3
Evaluate (-9 - -12 - 3) + (0 - 0).
0
What is 0 + 0 - (58 + -53)?
-5
Calculate (3 - 6) + -1 + 8 - 6.
-2
Evaluate (4 + 0 - 3) + (1 - -2).
4
Evaluate (4 - -2) + -7 - (0 - 0).
-1
What is the value of -4 + 1 + 3 + 2?
2
(3 - -1) + (-17 - -13)
0
(2 - (1 + -2)) + -9
-6
Evaluate -1 + 0 + 4 - (5 + -1).
-1
Calculate -2 + (-3 + 16 - 5).
6
What is 13 - (-9 + 16) - 6?
0
What is the value of -450 + 449 + (-1 + -1 - 1)?
-4
What is the value of 1 + -1 + -5 + 1 + 0?
-4
Evaluate -4 - (8 - 6 - -2).
-8
What is 5 + (-2 - (3 - 2))?
2
Calculate 135 + -132 - (1 - (-7 - 1)).
-6
What is (-1 - -2 - -1) + (-4 - 0)?
-2
Evaluate 0 + -2 + (4 - 6).
-4
(1 - -5) + (-38 - -35)
3
2 + (-1 - (4 - 0)) + -1
-4
Evaluate -2 - (-2 + 0 - -1).
-1
5 + -1 - (-4 + 5)
3
Evaluate -4 + (11 + -25 - -9).
-9
Evaluate 1 - (-3 + (7 - 1) + -2).
0
Evaluate (0 - -8) + -1 + -9.
-2
Calculate -4 - -6 - (0 - -2) - 4.
-4
Evaluate -5 + 0 + -1 + -22 + 22.
-6
5 + (4 - (13 + -7))
3
What is -5 + (6 + -4 - -4)?
1
What is the value of 6 + 0 + (248 - 259)?
-5
What is 7 - 4 - (2 + 16 + -7)?
-8
(0 - (-3 - -12)) + 8 + -2
-3
(-2 - 6) + (1 + 2 - -6)
1
What is the value of 8 + -2 + 3 + 0 + -3?
6
Calculate (-4 - (1 - 0)) + (-3 - -5).
-3
Evaluate 2 - -1 - (2 + 2 + 0).
-1
Evaluate (4 - 1 - 7) + 9.
5
What is 2 + 0 + (-7 - -2) + 13?
10
What is (2 - 3) + 1 + -4?
-4
What is the value of 8 + (-9 - -3) + -8?
-6
(-5 - (-1 + -4)) + -1 + -2
-3
(29 - 27 - (-3 + 1)) + 1
5
Calculate (-3 - (0 + -4)) + -2.
-1
What is the value of 3 - (0 + 4) - 4?
-5
What is (-1 - (-1 - 1)) + -2 + 5?
4
What is the value of (-6 - -2) + 0 + (-5 - -4)?
-5
-8 - (-1 - (-2 + 4))
-5
What is the value of 14 - ((3 - -6) + -2) - 2?
5
What is -6 + (2 - (7 - 5)) + 4?
-2
Evaluate 12 + -8 - (4 - 2).
2
2 + 0 + 0 + -4
-2
What is the value of -2 + 1 + -2 + (-6 - -11)?
2
What is the value of 7 - ((-7 - -10) + 3)?
1
What is the value of -1 + 3 + -1 - -3?
4
Evaluate 0 + -7 - (-9 + 1 + 5).
-4
What is the value of (2 - (-6 + 12)) + 3 + -1?
-2
Evaluate 7 - 13 - (1 - 5).
-2
Evaluate 0 + -4 + 7 + 2.
5
What is -6 - (4 - 13 - -3)?
0
Calculate -1 + 4 - (2 - 1) - 1.
1
Calculate -2 + (-4 - -3) + 25 + -24.
-2
Calculate 45 + -38 + (-1 - 0).
6
-6 - (-3 - (-3 - -2 - 0))
-4
Calculate 2 + -7 + 4 + 0.
-1
What is the value of -14 + -11 + 38 + -5?
8
Calculate 2 + 5 - (18 + (-18 - -12)).
-5
10 + -5 + 1 - (2 - -1)
3
Evaluate 4 + 6 + (-6 - 2).
2
Calculate (2 - 16) + -23 + 33.
-4
(2 - 4) + (2 + 1 - 5)
-4
Calculate 13 + -7 + -3 + -4.
-1
What is 40 + -45 + 1 + 5?
1
-2 + 1 - (2 + 0)
-3
Evaluate -2 - -4 - ((0 - -4) + 0).
-2
What is 4 - (-8 - (-5 + -4))?
3
What is -1 + 2 - (-9 + 5 + 0)?
5
Evaluate -2 + (2 - 6) + 2.
-4
4 + 1 + -15 + 7
-3
Evaluate -11 + 1 - (18 + -8 + -13).
-7
Calculate 0 - 4 - (0 + -1).
-3
-3 + -9 - -8 - (1 - 3)
-2
Evaluate (-12 - -6) + -3 - -6.
-3
Calculate (-2 - -1) + 7 - (5 + -2).
3
What is the value of 1 - (1 + 1 + -5)?
4
What is -3 - (3 + 2 + -3)?
-5
-1 + -2 + 46 + -43
0
Calculate 13 - (-3 + 1 - (-15 + 7)).
7
What is (1 - -1) + (-7 - -3)?
-2
Evaluate 32 + -33 - (2 - 1).
-2
What is the value of 6 + (5 - (7 + 3))?
1
Evaluate -8 + (1 + -3 - -8).
-2
Evaluate (-1 - -7) + -3 + -1.
2
Evaluate -1 + (2 + 4 - 13 - -5).
-3
What is 2 + -1 - 4 - (21 + -20)?
-4
What is the value of -6 - (-3 + 1) - (-47 - -40)?
3
What is the value of 20 + -13 - (-5 - -3)?
9
-6 + 2 + 3 - (1 + -1)
-1
What is 26 - 19 - (2 - (-1 + -1))?
3
Evaluate -1 + -1 + (-3 - (1 - 4)).
-2
-1 - (1 + (1 - (-1 - 1)))
-5
What is the value of -1 - (-1 + -1 - (3 - 2))?
2
What is the value of 2 - 6 - (-7 + 3 - -5)?
-5
Evaluate 7 - 0 - (1 - (4 + -13)).
-3
What is the value of (-12 - (6 - 13)) + 2?
-3
What is the value of (11 - 10) + -8 + 1?
-6
Calculate -1 + 2 + -14 + 6.
-7
What is the value of 4 + (-2 - -1) + 0 + -4?
-1
Evaluate 21 + -25 - (3 + -2).
-5
What is (2 - 4) + 1 + -2?
-3
3 - (1 + -4 + 4)
2
What is the value of 5 - (-6 - (-1 + -10))?
0
-3 - (5 - 1 - 12)
5
What is (8 - (1 + -16)) + -15?
8
Evaluate (4 - 7 - 3) + 7.
1
What is the value of 6 - 7 - (1 - (2 + -1))?
-1
What is (-17 - -15) + (4 - 0)?
2
-1 - -3 - (5 + -2)
-1
What is (-18 - -8 - -12) + 0?
2
(1 - 3) + (2 - 4)
-4
What is the value of (-76 - -76) + -1 + -1?
-2
Evaluate 8 + -7 - 3 - -5.
3
Evaluate -4 + 2 + 1 + 3 + 2.
4
What is -6 - (10 + -11) - -9?
4
Evaluate 2 - (6 - (14 - 6)).
4
Calculate 1 + (-11 - (-5 - 2)).
-3
What is the value of 2 + -8 - ((3 - -7) + -17)?
1
What is (0 - (0 - 3)) + -1 + 3?
5
What is -1 + -2 + -3 + -2 + 3?
-5
What is the value of 2 + (-5 - (-4 + -4)) + 0?
5
What is 12 + (-13 - 1) - 9?
-11
Calculate 1 + (-5 - -5) + -5.
-4
9 - 10 - (6 + -15)
8
Calculate 2 + (1 - -1 - (-4 - -8)).
0
What is 5 + -11 - (4 + (-14 - 0))?
4
Evaluate -2 + 2 + 0 + -1.
-1
What is the value of (-3 - -4) + 0 + -5?
-4
Evaluate 3 + -3 - (-1 + 0).
1
Calculate -6 + (-2 - 6 - -19).
5
Calculate (4 - 6 - -4) + -6.
-4
-2 - (4 - 4) - (-2 + -3)
3
What is the value of (-5 + -1 - -6) + (0 - 3)?
-3
Calculate -9 + 15 + -9 - -1.
-2
Calculate -1 - ((-2 - 1) + -19 + 23).
-2
Evaluate -4 + 12 + (-5 - 0).
3
What is the value of (-14 - -8) + (10 - 5)?
-1
What is -3 - (-5 + 4 - -5 - 5)?
-2
Calculate -4 + 1 + (10 - 25) + 10.
-8
What is 11 - (2 - -9) - (1 - 4)?
3
Calculate -2 + 0 + 0 + (-6 - -2).
-6
Evaluate (-2 - 0) + 36 + -34.
0
Evaluate (-3 + 7 - 0) + -7.
-3
What is (2 - 3) + -1 - (-1 - -1)?
-2
Calculate 9 + -1 - 3 - (-15 + 21).
-1
Evaluate -10 + (21 - 7) + -7.
-3
What is the value of -4 - -5 - (1 - 0)?
0
What is the value of (4 - (9 - -4)) + 6?
-3
Calculate 5 + -1 + 5 + -5.
4
What is the value of (-4 - 1) + 1 - -4?
0
What is 8 + 0 + (-5 - -2)?
5
(-4 - (-1 - 0)) + (1 - 0)
-2
What is -2 + (-4 + (1 - 0) - -5)?